 -h**3/2 + 2*h**2 - h. Give n(x).
-11
Let a(w) = 2*w - 3*w - w + 3*w. Let b = 16 + -22. Give a(b).
-6
Suppose 1 - 11 = -r - 3*d, -12 = -4*d. Let s(t) = 8*t. Give s(r).
8
Let m(w) be the second derivative of w**4/12 - w**3 - 5*w**2/2 - 4*w. Give m(6).
-5
Let r(x) = -4*x**2 + 4*x - 3. Let k(z) = z**2. Let d(i) = 5*k(i) + r(i). Give d(-6).
9
Suppose -o + 0*o - 3 = 0. Let v be (-2)/o + (-8)/(-6). Let f(d) be the second derivative of -d**5/20 + d**4/6 - d**3/3 - d**2 - 2*d. What is f(v)?
-6
Let j(r) = -5*r**3 + 2*r**2 + 2*r + 1. Let o be (-3)/((-18)/(-3))*0. Let c = -1 - o. Calculate j(c).
6
Let c = 7 + -2. Suppose -5*x + c*f - 17 - 3 = 0, 9 = -2*x + f. Let i(p) = -p**2 - 6*p + 1. Give i(x).
6
Let i(y) = y - 3. Let s be -2*((-45)/(-6))/(-5). Let m be 0/(s*2/6). What is i(m)?
-3
Let c = 3 + 4. Let q(u) = 41*u**2 + 35*u**2 - 75*u**2 - 8*u + 9. Determine q(c).
2
Let o(y) = y**2 - 6*y + 4. Suppose 0 = -b + 9*b - 48. What is o(b)?
4
Let b(g) be the first derivative of -g**3/3 - 2*g**2 + g - 7. Let d be 8/(-6)*(2 + 1). Give b(d).
1
Suppose 4*c - 5*y = 13, c - 6*y - 7 = -y. Let t(o) be the second derivative of -1/12*o**4 - 2*o + o**c - 1/3*o**3 + 0. What is t(-3)?
-1
Let g(n) = -n**3 - n**2 + 12. Let u be g(0). Suppose 6*i + u = 2*i. Let y(m) = m**2 + 4*m - 1. Give y(i).
-4
Let o(m) = -m**3 - 4*m**2 - 2*m + 2. Let g be -10*1/(-2) + 0. Let x be (-1)/4 + (-425)/(-68). Suppose -g*h + 8*h = -x. What is o(h)?
-2
Let k(m) = 8*m**3 - 2*m - 1. Let w be k(-1). Let j = -1 - w. Let h(y) = -y**3 + 6*y**2. Determine h(j).
0
Let q(j) = -7*j**2 + j + 1. Let l(c) = 9*c**2 - 1. Let w(x) = 3*l(x) + 4*q(x). Give w(5).
-4
Suppose 9 = 2*m + k, 7*m - 2*k - 14 = 3*m. Let x(t) = 2*t - 6. Determine x(m).
2
Let b(n) = -2*n**3 - 3*n**2 - 2*n - 2. Let v(u) = u - 4. Let p be v(0). Let i = p - -2. What is b(i)?
6
Let v = -4 - -6. Suppose 16 = -2*d - v*d. Let b(h) = h**3 + 3*h**2 - 6*h - 5. Determine b(d).
3
Let s(x) = -x + 4. Let o(h) = h + 1. Let n(b) = 2*o(b) + s(b). Calculate n(-3).
3
Suppose 2*c + 1 = 2*i + 19, 2*i + 30 = 5*c. Let f(l) = 2 - 4*l - 3 - c + 3*l. Calculate f(0).
-5
Let b(x) = -5 + 9 + 5 - 5 + 2*x. Give b(-5).
-6
Let k = 20 + -16. Let x(u) = -u**2 + 3*u - 2. Determine x(k).
-6
Let r(d) = d + 5. Suppose 5*o + 43 = -2*w + 14, o = 4*w + 25. Give r(w).
-2
Let b(k) = -9*k - 5. Let a(i) = 3*i + 2. Let n(p) = -11*a(p) - 4*b(p). Let t be (2/(-7))/(11/(-77)). Determine n(t).
4
Let o(f) be the second derivative of f**4/12 - 7*f**3/6 + 5*f**2/2 + 2*f + 13. Calculate o(7).
5
Suppose 5*k + 0*k - 5 = 0. Let v(j) be the second derivative of j**5/10 - j**4/12 + j**3/6 - j**2/2 - 32*j. Give v(k).
1
Suppose 16 = 4*q - 8. Let x(j) = j**2 - 5*j - 2. Let p be x(q). Let b(w) = -4*w + 5*w - 4 - 2*w. Give b(p).
-8
Let g(f) = -2*f**3 - f**2 + 13*f - 11. Let u(k) = -k**3 - k**2 + 6*k - 5. Let o(q) = -3*g(q) + 7*u(q). Let y be -1*((-1 - -2) + 4). Determine o(y).
8
Let p(l) = 3*l**3 - 4*l**2 + 3*l + 4. Let y(d) = -2*d**3 + 5*d**2 - 4*d - 5. Let n(j) = -5*p(j) - 4*y(j). Let z = 75 - 74. What is n(z)?
-6
Let f(y) be the second derivative of y**7/840 + y**6/90 - y**5/24 + y**4/24 - y**3/2 + 5*y. Let u(g) be the second derivative of f(g). What is u(-5)?
1
Suppose -x = -4*x + 9. Let u(h) = 4 + 3*h + 6 - 2*h**2 - 6. What is u(x)?
-5
Let f(w) = -6 - 162*w**3 - 3*w + 0*w**2 - w**2 + 4*w + 163*w**3. Give f(0).
-6
Let o(w) = -w**2 + w - 3. Let d(s) = s**2 + s + 1. Let l(g) = 3*d(g) + o(g). Let b be 6/(-10) + (-36)/15. Calculate l(b).
6
Suppose 5*i - 2*l - 10 = 4*i, -3*l = 15. Let q(n) = -n**3 - n + 2. Calculate q(i).
2
Let s(q) = q - 11. Let a be s(15). Suppose 5*r + 22 = a*l + 3*r, -16 = -2*l - 4*r. Let v(d) = -d**2 + 7*d - 2. Calculate v(l).
4
Let y(v) = -4*v - 1. Suppose -21*p - 43 = -1. Calculate y(p).
7
Suppose -2*y = 4*i - 24, 3*y + 3*i - 32 = i. Let g(l) = -l + 14. Give g(y).
4
Let j(s) = s**2 - s + 1. Let m(w) = 3*w**2 - w - 3. Let l(u) = -j(u) + m(u). Calculate l(3).
14
Let y = -17 - -22. Suppose -y*z - 2 = -2*t, -5*t - z = -t - 4. Let u(n) = -n**2 + 2*n. Determine u(t).
1
Let d(q) be the first derivative of -q**3/3 + q**2/2 - 2*q + 6. Suppose -4*j - 3*g - 10 = 1, 3*j + 3 = 3*g. Determine d(j).
-8
Let d = -6 - -9. Let i = 2 - d. Let z(j) = -5*j**2 - 2*j - 1. Calculate z(i).
-4
Suppose -2*v - 4*y = 8, 0*v + 2 = -2*v - 2*y. Let x(p) = -1 + 0 - 3*p - p**2 - v. Calculate x(-4).
-7
Let l(s) = 2*s**2 + 21*s + 23. Let c(r) = r**2 + 11*r + 12. Let p(i) = 11*c(i) - 6*l(i). Give p(-5).
-6
Let f(s) = 3*s**2 - s + 1. Let a be f(1). Let d(y) = -y + 4 + y**2 - 3 - 5. Let x(n) = -n**2 + 2*n + 7. Let m(o) = a*x(o) + 5*d(o). What is m(-1)?
2
Suppose -16 = -r + 5*r. Let l be -2 - (r - -1) - 2. Let m(i) = 3*i**3 - i**2 + 1. What is m(l)?
-3
Let m(f) = f**2 - 3. Let x = 15 - 11. Suppose 17 - 2 = -t + x*d, -4*t - 3 = 3*d. What is m(t)?
6
Let r(p) be the second derivative of p**4/4 - 4*p**3/3 + 15*p**2/2 - p. Let t(c) = c**2 - 4*c + 7. Let o = -2 + -3. Let n(y) = o*t(y) + 2*r(y). Give n(-4).
-5
Let c(w) be the second derivative of -w**3/3 + 5*w**2 - 32*w. Give c(9).
-8
Let x = 12 + -6. Let i(o) = 2*o - 6. Let p be i(x). Let g(j) = j**3 - 4*j - 6*j**2 + j**2 - 2*j - 3. What is g(p)?
-3
Let y(h) = -h + 40 - 24 - 23. Calculate y(-13).
6
Let n(a) = a**3 + 2*a**2 - 3*a - 3. Let c(g) = g**2 - g - 1. Let o(k) = 6*c(k) - n(k). What is o(4)?
-15
Suppose 0*l + 6 = l. Let r(i) = i**3 - 6*i**2 - 2*i. Give r(l).
-12
Let w(f) = f**3 + 5*f**2 - 7*f + 3. Suppose 3*d = -3*s - 6, s + 38 = -4*s + 2*d. Calculate w(s).
9
Let i(l) = 2*l**3 + l**2 + l + 2*l**2 + 1 + l. Let c = 2 - 4. Give i(c).
-7
Suppose 3*r + 10 = 5*r. Suppose 0 = 5*t - v + 20, t = 3*v + 1 - r. Let u(g) = 2*g + 4. Determine u(t).
-4
Let q(z) be the first derivative of 3 - 3/2*z**2 - 1/3*z**3 - z. Calculate q(-1).
1
Let h be 4*(3 - 20/8). Suppose -2*n + 10 = -h*v - 0*n, 3*n - 8 = -4*v. Let g(q) = -1 + 4 - 4 - 5*q**2 - q. Determine g(v).
-5
Suppose 0 = 5*n - 1 - 9. Let y be 18/4*(-4)/n. Let t be (y/15)/((-1)/(-5)). Let i(k) = -k**3 - 2*k**2 + 3*k - 2. Calculate i(t).
-2
Let b(i) = i**2 + 5*i - 8. Let v be b(-7). Let p(l) = 2*l - 15 + v + l - l. Calculate p(6).
3
Let s(x) = -x - 4. Let z(j) = 3*j + 4. Let u(w) = 5*w + 7. Let o(g) = 4*u(g) - 7*z(g). Let h(v) = 2*o(v) - s(v). Determine h(-4).
8
Let w(c) = -c**2 - 4*c + 3. Let s be w(-4). Let j(t) be the third derivative of -t**5/60 + t**4/6 - t**2. Give j(s).
3
Let s(c) = -c**3 + 6*c**2 + c - 4. Let z be s(6). Let r(y) be the second derivative of -y**5/10 + y**4/4 - y**3/3 - 6*y. What is r(z)?
-8
Let u(h) = 0*h**2 + 3*h + 2 + h - 2*h - h**2. Determine u(3).
-1
Let w(b) = -4 - b**3 - 4*b**2 - b + 2*b**2 + 3*b**2 + 2*b**2. Let m = 4 + -1. What is w(m)?
-7
Suppose -g + 3 = 2*g. Let r(h) = 11*h - 1. Give r(g).
10
Let p(v) be the second derivative of 4*v**3/3 - v**2 + 8*v. Calculate p(2).
14
Let a(n) = -n**2 - 4*n - 4. Let p = 13 + -15. Let w(h) = h**3 + 2*h**2 + h - 2. Let q be w(p). Give a(q).
-4
Suppose 3*f - 2 + 20 = 0. Let n(l) be the first derivative of 1/2*l**2 + 2 + 7*l - 2*l**3 - 1/4*l**4. Calculate n(f).
1
Let t(a) = -a + 1. Let s be 15*(8/(-6))/(-2). Let l(z) = 2*z + 5*z - z - s. Let g(i) = l(i) + 10*t(i). Determine g(1).
-4
Let a be (0/1)/(7 + -6). Let k(u) = -u**2 + 2. What is k(a)?
2
Let v = -8 - -6. Let f be v/(-6) - 17/(-3). Let m(z) be the second derivative of z**3/6 - 7*z**2/2 - 19*z. Give m(f).
-1
Suppose -4*d = -3*c - 11, -5*d + 7 = -5*c - 8. Let r(i) = -2*i**3 + i**2 - 3*i + 3. What is r(d)?
-15
Let k(h) = -h**3 - 5*h**2 - 3. Let v(q) = 2*q - 5. Let o be v(0). Give k(o).
-3
Let n(y) be the second derivative of -y**4/12 + y**3/6 + 5*y**2/2 + 3*y. Let z be n(0). Let f(q) = -q**3 + 6*q**2 - 3*q - 3. What is f(z)?
7
Let z(q) = 1. Let x(y) = -2*y + 5. Let r(u) = -x(u) + 6*z(u). Calculate r(4).
9
Suppose 0*g = -0*g - g. Suppose 8 = 4*c + 4*k, k = 2*c + c - 6. Let s(p) = 1 - c*p + g + 0. Calculate s(-1).
3
Let n(v) be the first derivative of v**2 - 11*v + 31. What is n(10)?
9
Let o be (-2)/(4/(-6)) + -5. Let t be (0/(-1))/(o - -4). Let g(p) = -p**3 + p**2 - 1. Calculate g(t).
-1
Suppose -2*x + 4*x = 0. Let j(m) = m**3 - m**2 - m + 2. Determine j(x).
2
Let y(l) be the third derivative of -7*l**2 + 1/12*l**4 + 0*l + 2/3*l**3 + 0. Calculate y(3).
10
Let l(q) = -4*q - 3. Let f(s) = -s**2 - 8*s - 9. Let p be f(-7). Ca